the remainder when 903 is divided by h(6).
28
Suppose 0 = 3*m - 2*v - 144, -3*v = -4*m + m + 141. Suppose 1452 = -m*l + 3852. What is the remainder when 282 is divided by l?
42
Let i(h) be the first derivative of -h**4/4 + 2*h**3 + 2*h**2 - 31*h + 18. Calculate the remainder when 79 is divided by i(5).
9
Suppose 2*q - 3*v = 12, -3*v = 4*q - 6*v - 24. Let j(p) = 30*p - 10 - 18*p - 11. Calculate the remainder when j(q) is divided by 13.
12
Suppose 58*g + 1886 = 81*g. What is the remainder when g is divided by 43?
39
Let c(q) = -9*q**3 + 157*q + 485. What is the remainder when c(-3) is divided by 84?
5
Suppose 0 = 4*r + 8, 0 = -0*v - 3*v - 4*r - 2165. Let u = 724 + v. Calculate the remainder when 13 is divided by u.
3
Let z(a) = a**3 + 9*a**2 + 26*a + 203. Calculate the remainder when 820 is divided by z(-8).
53
What is the remainder when (-1450)/(-14) + 96/(-168) is divided by 49*60/105 + -12?
7
Suppose -45*c - 3412 = -8047. Calculate the remainder when c is divided by 21.
19
Suppose -5 = -5*g, 2*r - 53*g = -58*g + 185. Calculate the remainder when 2159 is divided by r.
89
Let c(o) = o**3 + o**2 - o + 2. Let k be c(1). What is the remainder when -2*(3 + -5 + k + -18) is divided by 15?
4
Suppose -1117*w + 1112*w + h + 535 = 0, -2*w + 222 = -2*h. Suppose 0 = -3*b - 3, -4*b + 2 + 105 = 3*r. What is the remainder when w is divided by r?
32
Suppose 0 = 4*u - 2*u - 154. Let y = 536 + -530. Suppose y*p - 333 + 93 = 0. What is the remainder when u is divided by p?
37
Suppose -4*a = 5*c - 64, -1759*c - 3*a - 18 = -1758*c. Suppose 0*m - m + 187 = 0. Calculate the remainder when m is divided by c.
19
Let n be (5 - 8 - -6) + -1. Calculate the remainder when (0 + -58)*(1/n + -1) is divided by 16.
13
Let h(o) = -2*o**2 + 178*o + 141. Calculate the remainder when h(53) is divided by 88.
85
What is the remainder when ((-8 - -21) + -11)/(2/985) is divided by 43?
39
Suppose 0 = 78*w + 2285 - 4625. Calculate the remainder when 654 is divided by w.
24
Let x(d) = -4*d - 2. Let f be x(-2). Let s(p) = 16*p - 11. Let y be s(f). Suppose -4*v = -9*v + y. What is the remainder when 48 is divided by v?
14
Let i be -4 - 154/(-35) - (-13)/5. Let f = -1 + i. Suppose -f*c = -7*c + 105. Calculate the remainder when 102 is divided by c.
18
Suppose 0 = -10*w + 796 + 2344. Calculate the remainder when w is divided by 85.
59
Let s(w) = -4*w**3 - 4*w**2 - 3*w. Let h be 9/21 + 4771/7. Suppose 28*m - h = 17*m. What is the remainder when m is divided by s(-2)?
18
Suppose 45 = 4*q - 3*t, 3*q - 5*t - 62 = -20. Suppose q*x + 15 = 14*x. Let z = 19 - x. Calculate the remainder when 159 is divided by z.
15
Let s(c) = c. Let r(y) = -y - 1. Let j(g) = -2*r(g) - 3*s(g). Let n be j(7). What is the remainder when ((40/(-3))/n)/((-1)/(-18)) is divided by 26?
22
Let x(y) = y**3 - 73*y**2 + 1342*y - 77. Calculate the remainder when x(40) is divided by 139.
108
Suppose 0 = -v - 10 - 74. Calculate the remainder when (-5 + v/(-15))/(2/430) is divided by 34.
27
Let x = 14 - 3. Let f = 187 - 115. Let d = 80 - f. Calculate the remainder when x is divided by d.
3
Suppose 44*w - 6 = 42*w. Suppose 4*n = 26 - 10, d = -w*n + 90. What is the remainder when d is divided by 16?
14
Suppose 2170 - 778 = 12*u. Let j = 21 - 1. What is the remainder when u is divided by j?
16
Suppose -2*m - 2*y - 19 = 21, -m = -y + 22. Let h = m + 51. Suppose 51 = 3*o - 6*t + t, 0 = 3*o + 2*t - 30. What is the remainder when h is divided by o?
6
Let a be 7484/28 - 22/77. Suppose -3*c - f = -5*f - 815, 0 = -c - f + a. What is the remainder when c is divided by 69?
62
Let g(o) = 185*o + 1097. Calculate the remainder when g(-5) is divided by 24.
4
Let f(y) = 177*y**2 + 2*y + 1. Let q be f(-1). Suppose 9*s = 589 + q. What is the remainder when 679 is divided by s?
84
Let y = -44 + 132. Suppose 5*s + 121 + 122 = f, -2*f - 4 = 0. What is the remainder when y is divided by (s/21 - -3)*(-15)/(-1)?
8
Suppose 0 = -44*s + 1010 + 706. Calculate the remainder when 264 is divided by s.
30
Calculate the remainder when 18 is divided by (-138)/(-9) + 140/(-60).
5
Let o = 2007 - 1845. Suppose p = 4*p - 99. What is the remainder when o is divided by p?
30
Let v(t) = -3*t**2 - 5*t - 67. Let f be v(-6). Let d = 237 + f. What is the remainder when d is divided by 31?
30
Let i(w) = -4*w**3 - 3*w**2 + 18*w - 26. What is the remainder when i(-6) is divided by 39?
37
Let r = -269 - -321. Suppose -2*m - 79 = -f, -f - 3*m + 27 + r = 0. Calculate the remainder when 230 is divided by f.
72
Let i(u) be the first derivative of -u**4/2 + 7*u**3 + 8*u**2 - 28*u - 100. What is the remainder when 79 is divided by i(11)?
25
What is the remainder when (-1598)/(-10) - (-684)/(-380) is divided by 3?
2
Let c = -10 - 41. What is the remainder when ((-21)/9)/(-2 + c/(-27)) is divided by (22/6)/((-6)/(-18))?
10
Let c(b) = b**2 + 10*b + 31. Let t be c(-15). Let a = t + -64. Let m(r) = 5*r + 1. Calculate the remainder when a is divided by m(2).
9
Calculate the remainder when ((-475)/(-285))/((-5)/(-3114)) is divided by 1021.
17
Let r = 1060 + -720. Let s = r - 326. Suppose -2*q = 5*o - 54, q + o + 81 = 6*q. What is the remainder when q is divided by s?
3
Suppose 237 = 4*i - 4*s + 45, -s + 182 = 4*i. Suppose 0 = 3*b - b + i. Let m = -15 - b. What is the remainder when 29 is divided by m?
5
Calculate the remainder when (-5355)/(-27) - 2/(-3) is divided by 72.
55
Let t(w) = w**3 + 2*w**2 - w + 1. Let v be t(-2). Let z = 12 + v. What is the remainder when (1 - 12/60)/((-2)/(-110)) is divided by z?
14
Let d be (-1 - -7) + (-2 + 0)*2. Suppose 5*s + 341 = d*t, -3*s = -8*t + 11*t - 480. What is the remainder when t is divided by 41?
40
Let b(y) = -709*y + 780. What is the remainder when 4187 is divided by b(1)?
69
What is the remainder when 3894 is divided by 462/63 + (-3060)/(-54)?
54
Let v = -1429 - -2296. Let k = 1041 - v. Calculate the remainder when k is divided by 52.
18
What is the remainder when 84 - -1254 - 2/(2/(-9)) is divided by 54?
51
Suppose -z - 4*z - u + 30 = 0, -3*z = -3*u. Suppose 2*b - 3*c - 54 = 0, -b - 116 = -z*b + 2*c. Calculate the remainder when b is divided by 11.
8
Let r = -22518 + 33381. Calculate the remainder when r is divided by 194.
193
Calculate the remainder when 5563 is divided by 6/(-45) + (2/(-6) - 36386/(-345)).
103
Suppose -2*b = 27 - 69. Suppose -14*v + 1276 = -1062. Calculate the remainder when v is divided by b.
20
Let q(b) = b**3 + 5*b**2 + 5. Let k be q(-5). Suppose 2*h - 5*n = -21, -5*n + k = h - 7. What is the remainder when 19 is divided by 11 - h - 20/5?
9
Suppose 0 = 4*v - 9 + 21. Let d(w) = -8*w**3 + 3*w**2 + 14*w. Calculate the remainder when d(v) is divided by 34.
31
Suppose 8*a - 2793 = -945. Calculate the remainder when a is divided by 59.
54
What is the remainder when 7002 is divided by (((-1332)/16)/37)/(3/(-128))?
90
Suppose -584*u + 532*u + 41548 = 0. What is the remainder when 809 is divided by u?
10
Suppose -21*u + 14*u + 2205 = 0. Let x = u + -293. Calculate the remainder when x is divided by 6.
4
Suppose 8788 = 76*l - 39548. Calculate the remainder when l is divided by 49.
48
Let j be (-1)/(-3) + 4/6. Let z(p) be the first derivative of 8*p**3/3 + p**2 - 2*p - 33. Calculate the remainder when 23 is divided by z(j).
7
Suppose 4*b = 5*i - 2*i - 431, -2*b - 208 = -4*i. Let q = b - -40. Let p = -57 - q. What is the remainder when 36 is divided by p?
10
Let l = 111 + -69. Let o = -24 + l. Let u(g) = 10*g**2 + 3*g. What is the remainder when u(-2) is divided by o?
16
What is the remainder when 209 is divided by 21592/108 + (-178)/(-2403)?
9
Let k be ((-679)/(-21))/((-30)/(-9) - 3). Let l = k - 31. What is the remainder when 123 is divided by l?
57
Let a(y) = 27*y - 579. Let p be a(0). Let z = -524 - p. Calculate the remainder when z is divided by 10.
5
Suppose -89 = -4*y + t + 14, -3*y = -3*t - 75. What is the remainder when 701 is divided by y?
25
Let a = -64 - -68. Let m be ((-4)/20)/1 + 2482/10. Suppose -2*g = -a*g + 5*r + m, r = -4. Calculate the remainder when g is divided by 39.
36
Suppose 3*a - 69 = -36. What is the remainder when (-1666)/(-11) - (-6)/a is divided by 27?
17
Let x(j) = -6*j**2 - 86*j + 81. What is the remainder when x(-14) is divided by 6?
1
What is the remainder when 317 is divided by (1/(-6)*9)/(27/(-252